{"id":34,"date":"2012-12-18T12:08:35","date_gmt":"2012-12-18T12:08:35","guid":{"rendered":"http:\/\/www.nuno-marques.pt\/?page_id=34"},"modified":"2021-02-14T22:35:19","modified_gmt":"2021-02-14T22:35:19","slug":"eu","status":"publish","type":"page","link":"https:\/\/www.nuno-marques.pt\/?page_id=34","title":{"rendered":"eu"},"content":{"rendered":"<h4 style=\"text-align: right;\">\u00a0<\/h4>\n<h4 style=\"text-align: right;\"><a href=\"http:\/\/www.nuno-marques.pt\/?attachment_id=545\" rel=\"attachment wp-att-545\"><img loading=\"lazy\" class=\"alignleft size-medium wp-image-545\" src=\"http:\/\/www.nuno-marques.pt\/wp-content\/uploads\/2020\/12\/0618EA2E-19A4-4A6F-9EE9-060B03B1C740_1_201_a-300x169.jpeg\" alt=\"\" width=\"300\" height=\"169\" srcset=\"https:\/\/www.nuno-marques.pt\/wp-content\/uploads\/2020\/12\/0618EA2E-19A4-4A6F-9EE9-060B03B1C740_1_201_a-300x169.jpeg 300w, https:\/\/www.nuno-marques.pt\/wp-content\/uploads\/2020\/12\/0618EA2E-19A4-4A6F-9EE9-060B03B1C740_1_201_a-1024x576.jpeg 1024w, https:\/\/www.nuno-marques.pt\/wp-content\/uploads\/2020\/12\/0618EA2E-19A4-4A6F-9EE9-060B03B1C740_1_201_a-768x432.jpeg 768w, https:\/\/www.nuno-marques.pt\/wp-content\/uploads\/2020\/12\/0618EA2E-19A4-4A6F-9EE9-060B03B1C740_1_201_a-1536x864.jpeg 1536w, https:\/\/www.nuno-marques.pt\/wp-content\/uploads\/2020\/12\/0618EA2E-19A4-4A6F-9EE9-060B03B1C740_1_201_a-2048x1152.jpeg 2048w\" sizes=\"(max-width: 300px) 100vw, 300px\" \/><\/a> <a href=\"http:\/\/www.nuno-marques.pt\/?attachment_id=546\" rel=\"attachment wp-att-546\"><img loading=\"lazy\" class=\"alignleft size-medium wp-image-546\" src=\"http:\/\/www.nuno-marques.pt\/wp-content\/uploads\/2020\/12\/3DCA09DF-4C37-4C1B-872C-6BA9621515BB_1_201_a-1-300x169.jpeg\" alt=\"\" width=\"300\" height=\"169\" srcset=\"https:\/\/www.nuno-marques.pt\/wp-content\/uploads\/2020\/12\/3DCA09DF-4C37-4C1B-872C-6BA9621515BB_1_201_a-1-300x169.jpeg 300w, https:\/\/www.nuno-marques.pt\/wp-content\/uploads\/2020\/12\/3DCA09DF-4C37-4C1B-872C-6BA9621515BB_1_201_a-1-1024x576.jpeg 1024w, https:\/\/www.nuno-marques.pt\/wp-content\/uploads\/2020\/12\/3DCA09DF-4C37-4C1B-872C-6BA9621515BB_1_201_a-1-768x432.jpeg 768w, https:\/\/www.nuno-marques.pt\/wp-content\/uploads\/2020\/12\/3DCA09DF-4C37-4C1B-872C-6BA9621515BB_1_201_a-1-1536x864.jpeg 1536w, https:\/\/www.nuno-marques.pt\/wp-content\/uploads\/2020\/12\/3DCA09DF-4C37-4C1B-872C-6BA9621515BB_1_201_a-1-2048x1152.jpeg 2048w\" sizes=\"(max-width: 300px) 100vw, 300px\" \/><\/a><\/h4>\n<h4 style=\"text-align: right;\"><strong>Nuno Marques<\/strong> \u00e9 natural da Murtosa e vive na Covilh\u00e3. <br \/><a href=\"http:\/\/www.nuno-marques.pt\/?attachment_id=535\" rel=\"attachment wp-att-535\"><br \/><\/a><br \/>\u00c9 Professor e Formador de Matem\u00e1tica mas uma maravilhosa parte do seu tempo \u00e9 dedicado \u00e0 escrita.<\/h4>\n<h3 style=\"text-align: right;\">N\u00e3o gosta de ter pouco para fazer e por isso mergulha com grande paix\u00e3o em v\u00e1rios projetos, quer sejam profissionais, l\u00fadicos ou apenas porque valem a pena.<\/h3>\n<h3 style=\"text-align: right;\">Poesia a gosto e humor q.b. s\u00e3o os melhores ingredientes para manter o esp\u00edrito jovem.<\/h3>\n\n\n<p><\/p>\n","protected":false},"excerpt":{"rendered":"<p>\u00a0 Nuno Marques \u00e9 natural da Murtosa e vive na Covilh\u00e3. \u00c9 Professor e Formador de Matem\u00e1tica mas uma maravilhosa parte do seu tempo \u00e9 dedicado \u00e0 escrita. N\u00e3o gosta [&hellip;]<\/p>\n","protected":false},"author":1,"featured_media":0,"parent":0,"menu_order":0,"comment_status":"closed","ping_status":"closed","template":"template-portfolio.php","meta":[],"_links":{"self":[{"href":"https:\/\/www.nuno-marques.pt\/index.php?rest_route=\/wp\/v2\/pages\/34"}],"collection":[{"href":"https:\/\/www.nuno-marques.pt\/index.php?rest_route=\/wp\/v2\/pages"}],"about":[{"href":"https:\/\/www.nuno-marques.pt\/index.php?rest_route=\/wp\/v2\/types\/page"}],"author":[{"embeddable":true,"href":"https:\/\/www.nuno-marques.pt\/index.php?rest_route=\/wp\/v2\/users\/1"}],"replies":[{"embeddable":true,"href":"https:\/\/www.nuno-marques.pt\/index.php?rest_route=%2Fwp%2Fv2%2Fcomments&post=34"}],"version-history":[{"count":26,"href":"https:\/\/www.nuno-marques.pt\/index.php?rest_route=\/wp\/v2\/pages\/34\/revisions"}],"predecessor-version":[{"id":1146,"href":"https:\/\/www.nuno-marques.pt\/index.php?rest_route=\/wp\/v2\/pages\/34\/revisions\/1146"}],"wp:attachment":[{"href":"https:\/\/www.nuno-marques.pt\/index.php?rest_route=%2Fwp%2Fv2%2Fmedia&parent=34"}],"curies":[{"name":"wp","href":"https:\/\/api.w.org\/{rel}","templated":true}]}}